{"id":7126,"date":"2023-10-11T10:46:26","date_gmt":"2023-10-11T08:46:26","guid":{"rendered":"https:\/\/fguhimmerland.dk\/?page_id=7126"},"modified":"2025-08-25T09:38:41","modified_gmt":"2025-08-25T07:38:41","slug":"brobygning","status":"publish","type":"page","link":"https:\/\/fguhimmerland.dk\/index.php\/brobygning\/","title":{"rendered":"Brobygning"},"content":{"rendered":"<div  class='hr av-a8t3q-63e70aae5b69d42f92b052410dfbb8a1 hr-default  avia-builder-el-0  el_before_av_textblock  avia-builder-el-first '><span class='hr-inner '><span class=\"hr-inner-style\"><\/span><\/span><\/div>\n<section  class='av_textblock_section av-lnk8y5p7-1a0b362ee64506c003b285064035fb14 '   itemscope=\"itemscope\" itemtype=\"https:\/\/schema.org\/CreativeWork\" ><div class='avia_textblock'  itemprop=\"text\" ><h3>Brobygning<\/h3>\n<p>FGU Himmerland tilbyder brobygning til 9. og 10.klasses elever.<\/p>\n<p>Vores tre skoler \u2013 St\u00f8vring, Hobro og Aars \u2013 aftaler lokalt, hvilke uger brobygning er muligt for henholdsvis 9. og 10.klasses elever.<\/p>\n<p>Varighed: 9. klasses elever kan have op til 3 dages brobygning. 10. klasses elever kan have op til 10 dages brobygning.<\/p>\n<p>Hvad sker der i brobygning p\u00e5 FGU Himmerland? Du f\u00f8lger \u201dlivet\u201d p\u00e5 et hold\/v\u00e6rksted. Er man i brobygning i mere end 5 dage, kan man opleve at v\u00e6re p\u00e5 flere forskellige hold\/v\u00e6rksteder. Der vil v\u00e6re min. 2 brobygningspladser p\u00e5 et hold\/v\u00e6rksted, og vi fors\u00f8ger, at man altid er sammen med en man kender fra sin egen skole. Som brobygningselev er du p\u00e5 holdet\/v\u00e6rkstedet sammen med vores FGU-elever, og alle indg\u00e5r i det daglige arbejde. Der kan forekomme boglige undervisning.<\/p>\n<p>Vi fors\u00f8ger, i dialog med eleverne, at tage hensyn til hold\/v\u00e6rksteds\u00f8nsker \u2013 men ikke alle \u00f8nsker kan opfyldes, og det vigtigste i brobygningen er at opleve livet p\u00e5 en FGU-skole.<\/p>\n<p>Som elev f\u00f8lger du den lokale skoles skema og er i skole fuld tid \u2013 m\u00e5ltider er obligatoriske. P\u00e5 en FGU-skole er dagene ofte forskellige og varierede, s\u00e5 forvent \u00e6ndringer i skemaet. Der foretages ingen skriftlig evaluering af et brobygningsforl\u00f8b, men I er velkomne til at aftale frokost p\u00e5 FGU Himmerland, og der kan i tage en snak med vores l\u00e6rere om elevens ophold p\u00e5 FGU Himmerland.<\/p>\n<p>FGU Himmerland f\u00f8rer frav\u00e6r.<\/p>\n<p>L\u00e6rere til brobygningselever er velkomne p\u00e5 FGU Himmerland. Vi gl\u00e6der os til at give jeres elever en god FGU-oplevelse.<\/p>\n<p>M\u00f8detider p\u00e5 FGU Himmerland:<\/p>\n<\/div><\/section>\n<div  class='avia-table av-fuv7gm-e9338dd9f671b0aec946cb0308bd3118 main_color avia-pricing-table-container avia_pricing_default  avia-builder-el-2  el_after_av_textblock  avia-builder-el-last  avia-table-1'  itemscope=\"itemscope\" itemtype=\"https:\/\/schema.org\/Table\" ><div class=\"pricing-table-wrap\"><ul class='pricing-table '><li class=''><div class='first-table-item'>St\u00f8vring<\/div><span class='pricing-extra'><\/span><\/li><li class=''>Mandag: 8 &#8211; 14<br \/>\nTirsdag: 8 &#8211; 14<br \/>\nOnsdag: 8 &#8211; 14<br \/>\nTorsdag: 8 &#8211; 14<br \/>\nFredag: 8 &#8211; 13<\/li><\/ul><\/div><div class=\"pricing-table-wrap\"><ul class='pricing-table '><li class=''><div class='first-table-item'>Aars<\/div><span class='pricing-extra'><\/span><\/li><li class=''>Mandag: 8 &#8211; 14.40<br \/>\nTirsdag: 8 &#8211; 14.40<br \/>\nOnsdag: 8 &#8211; 12<br \/>\nTorsdag: 8 &#8211; 14.40<br \/>\nFredag: 8 &#8211; 13<\/li><\/ul><\/div><div class=\"pricing-table-wrap\"><ul class='pricing-table '><li class=''><div class='first-table-item'>Hobro<\/div><span class='pricing-extra'><\/span><\/li><li class=''>Mandag: 8 &#8211; 14.40<br \/>\nTirsdag: 8 &#8211; 14.40<br \/>\nOnsdag: 8 &#8211; 12.30<br \/>\nTorsdag: 8 &#8211; 14.40<br \/>\nFredag: 8 &#8211; 12.30<\/li><\/ul><\/div><\/div>\n","protected":false},"excerpt":{"rendered":"Brobygning FGU Himmerland tilbyder brobygning til 9. og 10.klasses elever. Vores tre skoler \u2013 St\u00f8vring, Hobro og Aars \u2013 aftaler lokalt, hvilke uger brobygning er muligt for henholdsvis 9. og 10.klasses elever. Varighed: 9. klasses elever kan have op til 3 dages brobygning. 10. klasses elever kan have op til 10 dages brobygning. Hvad sker [...]","protected":false},"author":22,"featured_media":0,"parent":0,"menu_order":0,"comment_status":"closed","ping_status":"closed","template":"","meta":{"_monsterinsights_skip_tracking":false,"_monsterinsights_sitenote_active":false,"_monsterinsights_sitenote_note":"","_monsterinsights_sitenote_category":0,"footnotes":""},"class_list":["post-7126","page","type-page","status-publish","hentry"],"jetpack_sharing_enabled":true,"_links":{"self":[{"href":"https:\/\/fguhimmerland.dk\/index.php\/wp-json\/wp\/v2\/pages\/7126","targetHints":{"allow":["GET"]}}],"collection":[{"href":"https:\/\/fguhimmerland.dk\/index.php\/wp-json\/wp\/v2\/pages"}],"about":[{"href":"https:\/\/fguhimmerland.dk\/index.php\/wp-json\/wp\/v2\/types\/page"}],"author":[{"embeddable":true,"href":"https:\/\/fguhimmerland.dk\/index.php\/wp-json\/wp\/v2\/users\/22"}],"replies":[{"embeddable":true,"href":"https:\/\/fguhimmerland.dk\/index.php\/wp-json\/wp\/v2\/comments?post=7126"}],"version-history":[{"count":24,"href":"https:\/\/fguhimmerland.dk\/index.php\/wp-json\/wp\/v2\/pages\/7126\/revisions"}],"predecessor-version":[{"id":8376,"href":"https:\/\/fguhimmerland.dk\/index.php\/wp-json\/wp\/v2\/pages\/7126\/revisions\/8376"}],"wp:attachment":[{"href":"https:\/\/fguhimmerland.dk\/index.php\/wp-json\/wp\/v2\/media?parent=7126"}],"curies":[{"name":"wp","href":"https:\/\/api.w.org\/{rel}","templated":true}]}}