{"id":6480,"date":"2023-01-12T13:13:15","date_gmt":"2023-01-12T12:13:15","guid":{"rendered":"https:\/\/fguhimmerland.dk\/?page_id=6480"},"modified":"2024-04-09T10:58:41","modified_gmt":"2024-04-09T08:58:41","slug":"beredskabsplaner","status":"publish","type":"page","link":"https:\/\/fguhimmerland.dk\/index.php\/beredskabsplaner\/","title":{"rendered":"Beredskabsplaner"},"content":{"rendered":"\n<style type=\"text\/css\" data-created_by=\"avia_inline_auto\" id=\"style-css-av-lus57dyt-aa1dbd4ec45c98596c514c67d203a669\">\n.avia-section.av-lus57dyt-aa1dbd4ec45c98596c514c67d203a669{\nbackground-repeat:no-repeat;\nbackground-image:url(https:\/\/fguhimmerland.dk\/wp-content\/uploads\/2024\/04\/Beredskabsplan.png);\nbackground-position:50% 50%;\nbackground-attachment:scroll;\n}\n<\/style>\n<div id='av_section_1'  class='avia-section av-lus57dyt-aa1dbd4ec45c98596c514c67d203a669 main_color avia-section-default avia-no-border-styling  avia-builder-el-0  el_before_av_textblock  avia-builder-el-first  avia-full-stretch avia-bg-style-scroll av-minimum-height av-minimum-height-50 av-height-50  container_wrap fullsize'  data-section-bg-repeat='stretch' data-av_minimum_height_pc='50' data-av_min_height_opt='50'><div class='container av-section-cont-open' ><main  role=\"main\" itemprop=\"mainContentOfPage\"  class='template-page content  av-content-full alpha units'><div class='post-entry post-entry-type-page post-entry-6480'><div class='entry-content-wrapper clearfix'>\n\n<style type=\"text\/css\" data-created_by=\"avia_inline_auto\" id=\"style-css-av-lus57kjv-c57f499e146c7e2b0b9cddf6368d2105\">\n#top .av-special-heading.av-lus57kjv-c57f499e146c7e2b0b9cddf6368d2105{\npadding-bottom:10px;\ncolor:#ffffff;\nfont-size:80px;\n}\nbody .av-special-heading.av-lus57kjv-c57f499e146c7e2b0b9cddf6368d2105 .av-special-heading-tag .heading-char{\nfont-size:25px;\n}\n#top #wrap_all .av-special-heading.av-lus57kjv-c57f499e146c7e2b0b9cddf6368d2105 .av-special-heading-tag{\nfont-size:80px;\n}\n.av-special-heading.av-lus57kjv-c57f499e146c7e2b0b9cddf6368d2105 .special-heading-inner-border{\nborder-color:rgba(0,0,0,0.01);\n}\n.av-special-heading.av-lus57kjv-c57f499e146c7e2b0b9cddf6368d2105 .av-subheading{\nfont-size:15px;\n}\nbody .av-special-heading.av-lus57kjv-c57f499e146c7e2b0b9cddf6368d2105 .av-special-heading-tag .heading-wrap:before{\nborder-color:rgba(0,0,0,0.01);\n}\nbody .av-special-heading.av-lus57kjv-c57f499e146c7e2b0b9cddf6368d2105 .av-special-heading-tag .heading-wrap:after{\nborder-color:rgba(0,0,0,0.01);\n}\n\n@media only screen and (min-width: 480px) and (max-width: 767px){ \n#top #wrap_all .av-special-heading.av-lus57kjv-c57f499e146c7e2b0b9cddf6368d2105 .av-special-heading-tag{\nfont-size:0.8em;\n}\n}\n\n@media only screen and (max-width: 479px){ \n#top #wrap_all .av-special-heading.av-lus57kjv-c57f499e146c7e2b0b9cddf6368d2105 .av-special-heading-tag{\nfont-size:0.8em;\n}\n}\n<\/style>\n<div  class='av-special-heading av-lus57kjv-c57f499e146c7e2b0b9cddf6368d2105 av-special-heading-h1 custom-color-heading blockquote elegant-quote elegant-centered  avia-builder-el-1  avia-builder-el-no-sibling  av-inherit-size'><h1 class='av-special-heading-tag '  itemprop=\"headline\"  ><span class=\"heading-wrap\">BEREDSKABSPLANER<\/span><\/h1><div class=\"special-heading-border\"><div class=\"special-heading-inner-border\"><\/div><\/div><\/div>\n<\/div><\/div><\/main><!-- close content main element --><\/div><\/div><div id='after_section_1'  class='main_color av_default_container_wrap container_wrap fullsize'  ><div class='container av-section-cont-open' ><div class='template-page content  av-content-full alpha units'><div class='post-entry post-entry-type-page post-entry-6480'><div class='entry-content-wrapper clearfix'>\n<section  class='av_textblock_section av-lus5637a-efd1bc39b9ada14cbba5e74ba80f3aef '   itemscope=\"itemscope\" itemtype=\"https:\/\/schema.org\/CreativeWork\" ><div class='avia_textblock'  itemprop=\"text\" ><h2>P\u00e5 denne side kan du finde beredskabsplaner for alle FGU Himmerlands afdelinger.<\/h2>\n<p>Klik p\u00e5 den \u00f8nsket beredskabsplan og orient\u00e9r dig om, hvorledes du skal forholde dig i tilf\u00e6lde af en n\u00f8dsituation p\u00e5 din FGU Himmerland-institution.<\/p>\n<ul>\n<li><a href=\"https:\/\/fguhimmerland.dk\/wp-content\/uploads\/2023\/01\/Beredskabsplan-FGU-Himmerland-Hobro.pdf\">Beredskabsplan &#8211; FGU Himmerland Hobro, D\u00f8strupvej 1, 9500 Hobro<\/a><\/li>\n<li><a href=\"https:\/\/fguhimmerland.dk\/wp-content\/uploads\/2023\/01\/Beredskabsplan-FGU-Himmerland-Aars.pdf\">Beredskabsplan &#8211; FGU Himmerland Aars, Hjortkj\u00e6rsvej 16, 9600 Aars<\/a><\/li>\n<li><a href=\"https:\/\/fguhimmerland.dk\/wp-content\/uploads\/2023\/01\/Beredskabsplan-FGU-Himmerland-Stoevring.pdf\">Beredskabsplan &#8211; FGU Himmerland St\u00f8vring, M\u00f8lleg\u00e5rdsvej 7, 9530 St\u00f8vring<\/a><\/li>\n<li><a href=\"https:\/\/fguhimmerland.dk\/wp-content\/uploads\/2023\/01\/Beredskabsplan-FGU-Himmerland-STU.pdf\">Beredskabsplan &#8211; FGU Himmerland STU, Bl\u00e5kildevej 16, 9500 Hobro<\/a><\/li>\n<\/ul>\n<\/div><\/section>\n","protected":false},"excerpt":{"rendered":"BEREDSKABSPLANER P\u00e5 denne side kan du finde beredskabsplaner for alle FGU Himmerlands afdelinger. Klik p\u00e5 den \u00f8nsket beredskabsplan og orient\u00e9r dig om, hvorledes du skal forholde dig i tilf\u00e6lde af en n\u00f8dsituation p\u00e5 din FGU Himmerland-institution. Beredskabsplan - FGU Himmerland Hobro, D\u00f8strupvej 1, 9500 Hobro Beredskabsplan - FGU Himmerland Aars, Hjortkj\u00e6rsvej 16, 9600 Aars Beredskabsplan [...]","protected":false},"author":19,"featured_media":0,"parent":0,"menu_order":0,"comment_status":"closed","ping_status":"closed","template":"","meta":{"_monsterinsights_skip_tracking":false,"_monsterinsights_sitenote_active":false,"_monsterinsights_sitenote_note":"","_monsterinsights_sitenote_category":0,"footnotes":""},"class_list":["post-6480","page","type-page","status-publish","hentry"],"jetpack_sharing_enabled":true,"_links":{"self":[{"href":"https:\/\/fguhimmerland.dk\/index.php\/wp-json\/wp\/v2\/pages\/6480","targetHints":{"allow":["GET"]}}],"collection":[{"href":"https:\/\/fguhimmerland.dk\/index.php\/wp-json\/wp\/v2\/pages"}],"about":[{"href":"https:\/\/fguhimmerland.dk\/index.php\/wp-json\/wp\/v2\/types\/page"}],"author":[{"embeddable":true,"href":"https:\/\/fguhimmerland.dk\/index.php\/wp-json\/wp\/v2\/users\/19"}],"replies":[{"embeddable":true,"href":"https:\/\/fguhimmerland.dk\/index.php\/wp-json\/wp\/v2\/comments?post=6480"}],"version-history":[{"count":5,"href":"https:\/\/fguhimmerland.dk\/index.php\/wp-json\/wp\/v2\/pages\/6480\/revisions"}],"predecessor-version":[{"id":7671,"href":"https:\/\/fguhimmerland.dk\/index.php\/wp-json\/wp\/v2\/pages\/6480\/revisions\/7671"}],"wp:attachment":[{"href":"https:\/\/fguhimmerland.dk\/index.php\/wp-json\/wp\/v2\/media?parent=6480"}],"curies":[{"name":"wp","href":"https:\/\/api.w.org\/{rel}","templated":true}]}}