{"id":4243,"date":"2021-06-14T08:49:34","date_gmt":"2021-06-14T06:49:34","guid":{"rendered":"https:\/\/fguhimmerland.dk\/?page_id=4243"},"modified":"2024-02-29T10:14:19","modified_gmt":"2024-02-29T09:14:19","slug":"it-linje","status":"publish","type":"page","link":"https:\/\/fguhimmerland.dk\/index.php\/it-linje\/","title":{"rendered":"IT"},"content":{"rendered":"\n<style type=\"text\/css\" data-created_by=\"avia_inline_auto\" id=\"style-css-av-lt6zqbd5-fb624cc4a543d9c97124601bd5e9c5c2\">\n.avia-section.av-lt6zqbd5-fb624cc4a543d9c97124601bd5e9c5c2{\nbackground-repeat:no-repeat;\nbackground-image:url(https:\/\/fguhimmerland.dk\/wp-content\/uploads\/2023\/09\/IT.png);\nbackground-position:50% 50%;\nbackground-attachment:scroll;\n}\n<\/style>\n<div id='av_section_1'  class='avia-section av-lt6zqbd5-fb624cc4a543d9c97124601bd5e9c5c2 main_color avia-section-default avia-no-border-styling  avia-builder-el-0  el_before_av_two_third  avia-builder-el-first  avia-full-stretch avia-bg-style-scroll av-minimum-height av-minimum-height-50 av-height-50  container_wrap fullsize'  data-section-bg-repeat='stretch' data-av_minimum_height_pc='50' data-av_min_height_opt='50'><div class='container av-section-cont-open' ><main  role=\"main\" itemprop=\"mainContentOfPage\"  class='template-page content  av-content-full alpha units'><div class='post-entry post-entry-type-page post-entry-4243'><div class='entry-content-wrapper clearfix'>\n\n<style type=\"text\/css\" data-created_by=\"avia_inline_auto\" id=\"style-css-av-lt6zqfgr-b10a96461ed31c1ffa428edd6cb4d6f0\">\n#top .av-special-heading.av-lt6zqfgr-b10a96461ed31c1ffa428edd6cb4d6f0{\npadding-bottom:10px;\ncolor:#ffffff;\nfont-size:80px;\n}\nbody .av-special-heading.av-lt6zqfgr-b10a96461ed31c1ffa428edd6cb4d6f0 .av-special-heading-tag .heading-char{\nfont-size:25px;\n}\n#top #wrap_all .av-special-heading.av-lt6zqfgr-b10a96461ed31c1ffa428edd6cb4d6f0 .av-special-heading-tag{\nfont-size:80px;\n}\n.av-special-heading.av-lt6zqfgr-b10a96461ed31c1ffa428edd6cb4d6f0 .special-heading-inner-border{\nborder-color:rgba(0,0,0,0.01);\n}\n.av-special-heading.av-lt6zqfgr-b10a96461ed31c1ffa428edd6cb4d6f0 .av-subheading{\nfont-size:15px;\n}\nbody .av-special-heading.av-lt6zqfgr-b10a96461ed31c1ffa428edd6cb4d6f0 .av-special-heading-tag .heading-wrap:before{\nborder-color:rgba(0,0,0,0.01);\n}\nbody .av-special-heading.av-lt6zqfgr-b10a96461ed31c1ffa428edd6cb4d6f0 .av-special-heading-tag .heading-wrap:after{\nborder-color:rgba(0,0,0,0.01);\n}\n\n@media only screen and (min-width: 480px) and (max-width: 767px){ \n#top #wrap_all .av-special-heading.av-lt6zqfgr-b10a96461ed31c1ffa428edd6cb4d6f0 .av-special-heading-tag{\nfont-size:0.8em;\n}\n}\n\n@media only screen and (max-width: 479px){ \n#top #wrap_all .av-special-heading.av-lt6zqfgr-b10a96461ed31c1ffa428edd6cb4d6f0 .av-special-heading-tag{\nfont-size:0.8em;\n}\n}\n<\/style>\n<div  class='av-special-heading av-lt6zqfgr-b10a96461ed31c1ffa428edd6cb4d6f0 av-special-heading-h1 custom-color-heading blockquote elegant-quote elegant-centered  avia-builder-el-1  avia-builder-el-no-sibling  av-inherit-size'><h1 class='av-special-heading-tag '  itemprop=\"headline\"  ><span class=\"heading-wrap\">IT<\/span><\/h1><div class=\"special-heading-border\"><div class=\"special-heading-inner-border\"><\/div><\/div><\/div>\n<\/div><\/div><\/main><!-- close content main element --><\/div><\/div><div id='after_section_1'  class='main_color av_default_container_wrap container_wrap fullsize'  ><div class='container av-section-cont-open' ><div class='template-page content  av-content-full alpha units'><div class='post-entry post-entry-type-page post-entry-4243'><div class='entry-content-wrapper clearfix'>\n<style type=\"text\/css\" data-created_by=\"avia_inline_auto\" id=\"style-css-av-4pyx1v-e373eab27fc65a0071f9405a8cedd88b\">\n.flex_column.av-4pyx1v-e373eab27fc65a0071f9405a8cedd88b{\nborder-radius:0px 0px 0px 0px;\npadding:0px 0px 0px 0px;\n}\n<\/style>\n<div  class='flex_column av-4pyx1v-e373eab27fc65a0071f9405a8cedd88b av_two_third  avia-builder-el-2  el_after_av_section  el_before_av_one_third  avia-builder-el-first  first flex_column_div av-zero-column-padding  '     ><section  class='av_textblock_section av-1x90n7-a7d2a5eefe811b41d1d82e7f7cb595a0 '   itemscope=\"itemscope\" itemtype=\"https:\/\/schema.org\/CreativeWork\" ><div class='avia_textblock'  itemprop=\"text\" ><h2><\/h2>\n<h2>F\u00e5 styr p\u00e5 teknikken<\/h2>\n<p>Som elev p\u00e5 FGU Himmerland kommer du til at anvende diverse former for IT i forbindelse med undervisningen. P\u00e5 denne side har vi derfor samlet en r\u00e6kke vigtige informationer herom, s\u00e5 du kan s\u00e6tte dig ind i vores systemer allerede f\u00f8r studiestart.<\/p>\n<div class=\"su-spacer\" style=\"height:20px\"><\/div>\n<h3><strong>UNI-login<\/strong><\/h3>\n<p>Du kender sikkert til UNI-login fra din tid i folkeskolen. Hos FGU Himmerland benytter eleverne ogs\u00e5 UNI-login til forskellige form\u00e5l i undervisningen<br \/>\nDu bruger bl.a. dit UNI-login for at opn\u00e5 adgang til:<\/p>\n<ul>\n<li>Studie+<\/li>\n<li>Systime<\/li>\n<li>MitCFU<\/li>\n<li>Skoletube<\/li>\n<li>Filmcentralen<\/li>\n<\/ul>\n<p>For at f\u00e5 oplysninger om dit UNI-login eller \u00e6ndre adgangskode kan du bes\u00f8ge MIT UNILOGIN ved at klikke <a class=\"_ps2id\" href=\"https:\/\/fgu.uddataplus.dk\/\" data-ps2id-offset=\"\"><strong><span style=\"color: #fe5d26;\">her<\/span><\/strong><\/a><strong><em>\u00a0<\/em><\/strong>.<\/p>\n<div class=\"su-spacer\" style=\"height:20px\"><\/div>\n<h3><strong>FGU-mail<\/strong><\/h3>\n<p>Som elev p\u00e5 FGU-Himmerland vil du modtage en personlig FGU-mail, som du skal bruge i forbindelse med undervisningen. Du vil modtage din FGU-mail og dertilh\u00f8rende adgangskode i forbindelse med din skolestart.<br \/>\nDu bruger bl.a. din FGU-mail og adgangskode for at opn\u00e5 adgang til:<\/p>\n<ul>\n<li>Skolens elev-PC\u2019er<\/li>\n<li>Office 365 (Word, PowerPoint, Excel, Teams, Outlook, OneDrive, mm.)<\/li>\n<li>Adobe Creative Cloud (Photoshop, Illustrator, mm.)<\/li>\n<\/ul>\n<div class=\"su-spacer\" style=\"height:20px\"><\/div>\n<h3><strong>STUDIE+ <\/strong><\/h3>\n<p>Hos FGU Himmerland benytter vi Studie+ til vores skemaer.<br \/>\nN\u00e5r du p\u00e5begynder et uddannelsesforl\u00f8b hos os, vil din kontaktl\u00e6rer s\u00e6tte dig ind i, hvordan Studie+ fungerer.<br \/>\nHvis du er nuv\u00e6rende elev, kan du logge p\u00e5 Studie+ med dit UNI-login \u2013 klik <strong><span style=\"color: #fe5d26;\"><a class=\"_ps2id\" style=\"color: #fe5d26;\" href=\"https:\/\/fgu.uddataplus.dk\/\" data-ps2id-offset=\"\">her<\/a><\/span><\/strong>.<br \/>\nDu har ogs\u00e5 mulighed for at downloade Studie+ til telefonen, s\u00e5 du let kan tilg\u00e5 dit skema. Download app\u2019en fra din telefons app store.<\/p>\n<div class=\"su-spacer\" style=\"height:20px\"><\/div>\n<h3><strong>Microsoft Teams<\/strong><\/h3>\n<p>P\u00e5 FGU Himmerland bruger vi Microsoft Teams som vores digitale klassev\u00e6relse, hvor vi uddeler opgaver og udsender information. N\u00e5r du p\u00e5begynder et uddannelsesforl\u00f8b hos os, vil din kontaktl\u00e6rer s\u00e6tte dig ind i, hvordan Microsoft Teams fungerer.<\/p>\n<div class=\"su-spacer\" style=\"height:20px\"><\/div>\n<h3><strong>IT-rygs\u00e6k<\/strong><\/h3>\n<p>Har du funktionsneds\u00e6ttelser \u2013 f.eks. ordblindhed \u2013 og har du brug for IT-rygs\u00e6k i forbindelse med dit uddannelsesforl\u00f8b hos os?<\/p>\n<p><strong><span style=\"color: #6786a1;\">L\u00e6s mere om dine muligheder<\/span><span style=\"color: #fe5d26;\"> <a class=\"_ps2id\" style=\"color: #fe5d26;\" href=\"https:\/\/fguhimmerland.dk\/index.php\/sps-og-stoette\/\" data-ps2id-offset=\"\">her<\/a><\/span><\/strong><\/p>\n<\/div><\/section><\/div>\n<style type=\"text\/css\" data-created_by=\"avia_inline_auto\" id=\"style-css-av-av_one_third-85f61e8b76854e76e4aa4c82c1a2760b\">\n.flex_column.av-av_one_third-85f61e8b76854e76e4aa4c82c1a2760b{\nborder-width:15px;\nborder-color:#f4f3f4;\nborder-style:solid;\npadding:15px 15px 15px 15px;\nbackground-color:#f4f3f4;\n}\n<\/style>\n<div  class='flex_column av-av_one_third-85f61e8b76854e76e4aa4c82c1a2760b av_one_third  avia-builder-el-4  el_after_av_two_third  avia-builder-el-last  flex_column_div  '     ><section  class='av_textblock_section av-lt700zyi-ac961b4fe870236371549e18799b32f1 '   itemscope=\"itemscope\" itemtype=\"https:\/\/schema.org\/CreativeWork\" ><div class='avia_textblock'  itemprop=\"text\" ><h3>Videoguide<\/h3>\n<p>Se vores videoguide til, hvordan du bruger vores elev-computere og kommer p\u00e5 vores systemer.<\/p>\n<\/div><\/section><br \/>\n<div  class='avia-video av-lt705ddf-4abc0eceac76d72ba0c0144ea03d0e10 avia-video-16-9 av-no-preview-image avia-video-load-always av-lazyload-immediate av-lazyload-video-embed'  itemprop=\"video\" itemtype=\"https:\/\/schema.org\/VideoObject\"  data-original_url='https:\/\/youtu.be\/AvMppoAT5a4'><script type='text\/html' class='av-video-tmpl'><div class='avia-iframe-wrap'><iframe title=\"FGU Fjernundervisning\" width=\"1500\" height=\"844\" data-src=\"https:\/\/www.youtube.com\/embed\/AvMppoAT5a4?feature=oembed&autoplay=0&loop=0&controls=1&mute=0\" frameborder=\"0\" allow=\"accelerometer; autoplay; clipboard-write; encrypted-media; gyroscope; picture-in-picture; web-share\" allowfullscreen src=\"data:image\/svg+xml;base64,PHN2ZyB3aWR0aD0iMSIgaGVpZ2h0PSIxIiB4bWxucz0iaHR0cDovL3d3dy53My5vcmcvMjAwMC9zdmciPjwvc3ZnPg==\" class=\"lazyload\" data-load-mode=\"1\"><\/iframe><\/div><\/script><div class='av-click-to-play-overlay'><div class=\"avia_playpause_icon\"><\/div><\/div><\/div><\/div>\n","protected":false},"excerpt":{"rendered":"IT F\u00e5 styr p\u00e5 teknikken Som elev p\u00e5 FGU Himmerland kommer du til at anvende diverse former for IT i forbindelse med undervisningen. P\u00e5 denne side har vi derfor samlet en r\u00e6kke vigtige informationer herom, s\u00e5 du kan s\u00e6tte dig ind i vores systemer allerede f\u00f8r studiestart. UNI-login Du kender sikkert til UNI-login fra din [...]","protected":false},"author":11,"featured_media":0,"parent":0,"menu_order":0,"comment_status":"closed","ping_status":"closed","template":"","meta":{"_monsterinsights_skip_tracking":false,"_monsterinsights_sitenote_active":false,"_monsterinsights_sitenote_note":"","_monsterinsights_sitenote_category":0,"footnotes":""},"class_list":["post-4243","page","type-page","status-publish","hentry"],"jetpack_sharing_enabled":true,"_links":{"self":[{"href":"https:\/\/fguhimmerland.dk\/index.php\/wp-json\/wp\/v2\/pages\/4243","targetHints":{"allow":["GET"]}}],"collection":[{"href":"https:\/\/fguhimmerland.dk\/index.php\/wp-json\/wp\/v2\/pages"}],"about":[{"href":"https:\/\/fguhimmerland.dk\/index.php\/wp-json\/wp\/v2\/types\/page"}],"author":[{"embeddable":true,"href":"https:\/\/fguhimmerland.dk\/index.php\/wp-json\/wp\/v2\/users\/11"}],"replies":[{"embeddable":true,"href":"https:\/\/fguhimmerland.dk\/index.php\/wp-json\/wp\/v2\/comments?post=4243"}],"version-history":[{"count":20,"href":"https:\/\/fguhimmerland.dk\/index.php\/wp-json\/wp\/v2\/pages\/4243\/revisions"}],"predecessor-version":[{"id":7607,"href":"https:\/\/fguhimmerland.dk\/index.php\/wp-json\/wp\/v2\/pages\/4243\/revisions\/7607"}],"wp:attachment":[{"href":"https:\/\/fguhimmerland.dk\/index.php\/wp-json\/wp\/v2\/media?parent=4243"}],"curies":[{"name":"wp","href":"https:\/\/api.w.org\/{rel}","templated":true}]}}