{"id":3725,"date":"2021-05-11T08:45:58","date_gmt":"2021-05-11T06:45:58","guid":{"rendered":"https:\/\/fguhimmerland.dk\/?page_id=3725"},"modified":"2025-08-06T09:47:39","modified_gmt":"2025-08-06T07:47:39","slug":"skema","status":"publish","type":"page","link":"https:\/\/fguhimmerland.dk\/index.php\/skema\/","title":{"rendered":"Skema"},"content":{"rendered":"\n<style type=\"text\/css\" data-created_by=\"avia_inline_auto\" id=\"style-css-av-lt6wqbqh-5d48d4b619cfe3fbd503d962b9623938\">\n.avia-section.av-lt6wqbqh-5d48d4b619cfe3fbd503d962b9623938{\nbackground-repeat:no-repeat;\nbackground-image:url(https:\/\/fguhimmerland.dk\/wp-content\/uploads\/2023\/09\/Skema.png);\nbackground-position:50% 50%;\nbackground-attachment:scroll;\n}\n<\/style>\n<div id='av_section_1'  class='avia-section av-lt6wqbqh-5d48d4b619cfe3fbd503d962b9623938 main_color avia-section-default avia-no-border-styling  avia-builder-el-0  el_before_av_two_third  avia-builder-el-first  avia-full-stretch avia-bg-style-scroll av-minimum-height av-minimum-height-50 av-height-50  container_wrap fullsize'  data-section-bg-repeat='stretch' data-av_minimum_height_pc='50' data-av_min_height_opt='50'><div class='container av-section-cont-open' ><main  role=\"main\" itemprop=\"mainContentOfPage\"  class='template-page content  av-content-full alpha units'><div class='post-entry post-entry-type-page post-entry-3725'><div class='entry-content-wrapper clearfix'>\n\n<style type=\"text\/css\" data-created_by=\"avia_inline_auto\" id=\"style-css-av-lt6ws9qx-f4b9591211079f1280101092c4fc0b10\">\n#top .av-special-heading.av-lt6ws9qx-f4b9591211079f1280101092c4fc0b10{\npadding-bottom:10px;\ncolor:#ffffff;\nfont-size:80px;\n}\nbody .av-special-heading.av-lt6ws9qx-f4b9591211079f1280101092c4fc0b10 .av-special-heading-tag .heading-char{\nfont-size:25px;\n}\n#top #wrap_all .av-special-heading.av-lt6ws9qx-f4b9591211079f1280101092c4fc0b10 .av-special-heading-tag{\nfont-size:80px;\n}\n.av-special-heading.av-lt6ws9qx-f4b9591211079f1280101092c4fc0b10 .special-heading-inner-border{\nborder-color:rgba(0,0,0,0.01);\n}\n.av-special-heading.av-lt6ws9qx-f4b9591211079f1280101092c4fc0b10 .av-subheading{\nfont-size:15px;\n}\nbody .av-special-heading.av-lt6ws9qx-f4b9591211079f1280101092c4fc0b10 .av-special-heading-tag .heading-wrap:before{\nborder-color:rgba(0,0,0,0.01);\n}\nbody .av-special-heading.av-lt6ws9qx-f4b9591211079f1280101092c4fc0b10 .av-special-heading-tag .heading-wrap:after{\nborder-color:rgba(0,0,0,0.01);\n}\n\n@media only screen and (min-width: 480px) and (max-width: 767px){ \n#top #wrap_all .av-special-heading.av-lt6ws9qx-f4b9591211079f1280101092c4fc0b10 .av-special-heading-tag{\nfont-size:0.8em;\n}\n}\n\n@media only screen and (max-width: 479px){ \n#top #wrap_all .av-special-heading.av-lt6ws9qx-f4b9591211079f1280101092c4fc0b10 .av-special-heading-tag{\nfont-size:0.8em;\n}\n}\n<\/style>\n<div  class='av-special-heading av-lt6ws9qx-f4b9591211079f1280101092c4fc0b10 av-special-heading-h1 custom-color-heading blockquote elegant-quote elegant-centered  avia-builder-el-1  avia-builder-el-no-sibling  av-inherit-size'><h1 class='av-special-heading-tag '  itemprop=\"headline\"  ><span class=\"heading-wrap\">SKEMA<\/span><\/h1><div class=\"special-heading-border\"><div class=\"special-heading-inner-border\"><\/div><\/div><\/div>\n<\/div><\/div><\/main><!-- close content main element --><\/div><\/div><div id='after_section_1'  class='main_color av_default_container_wrap container_wrap fullsize'  ><div class='container av-section-cont-open' ><div class='template-page content  av-content-full alpha units'><div class='post-entry post-entry-type-page post-entry-3725'><div class='entry-content-wrapper clearfix'>\n\n<style type=\"text\/css\" data-created_by=\"avia_inline_auto\" id=\"style-css-av-3v82z1-0f14d558c557fd78d25f3cc9ccef815b\">\n.flex_column.av-3v82z1-0f14d558c557fd78d25f3cc9ccef815b{\nborder-radius:0px 0px 0px 0px;\npadding:0px 0px 0px 0px;\n}\n<\/style>\n<div  class='flex_column av-3v82z1-0f14d558c557fd78d25f3cc9ccef815b av_two_third  avia-builder-el-2  el_after_av_section  el_before_av_one_third  avia-builder-el-first  first flex_column_div av-zero-column-padding  '     ><section  class='av_textblock_section av-kpw940ga-5c88072be25e5ec3e276036e967b1f21 '   itemscope=\"itemscope\" itemtype=\"https:\/\/schema.org\/CreativeWork\" ><div class='avia_textblock'  itemprop=\"text\" ><h2>Styr p\u00e5 skemaet!<\/h2>\n<p>Som elev p\u00e5 FGU Himmerland vil du f\u00e5 udleveret et skema, der viser, hvordan din uge ser ud.<\/p>\n<p>Dit skema vil som udgangspunkt udg\u00f8re 29 timer pr. uge inklusive pauser.<\/p>\n<p>Dit skema kan variere en smule afh\u00e6ngigt af, hvilken afdeling, hvilket spor eller fagligt tema du er tilknyttet.<\/p>\n<p>Ved optagelse p\u00e5 FGU Himmerland eller ved \u00e6ndringer i skemaet, vil din kontaktl\u00e6rer informere dig om dette.<\/p>\n<\/div><\/section><\/div>\n<style type=\"text\/css\" data-created_by=\"avia_inline_auto\" id=\"style-css-av-lt6wys07-993aa76a5d332132da688aa5ba321321\">\n.flex_column.av-lt6wys07-993aa76a5d332132da688aa5ba321321{\nborder-width:15px;\nborder-color:#f4f3f4;\nborder-style:solid;\npadding:15px 15px 15px 15px;\nbackground-color:#f4f3f4;\n}\n<\/style>\n<div  class='flex_column av-lt6wys07-993aa76a5d332132da688aa5ba321321 av_one_third  avia-builder-el-4  el_after_av_two_third  el_before_av_one_full  flex_column_div  '     ><section  class='av_textblock_section av-lt6wxiqe-3c9ddaea17a563717825d7410aa09189 '   itemscope=\"itemscope\" itemtype=\"https:\/\/schema.org\/CreativeWork\" ><div class='avia_textblock'  itemprop=\"text\" ><h3><strong>Se dit skema<\/strong><\/h3>\n<p>Hvis du er nuv\u00e6rende elev hos FGU Himmerland, kan du finde dit skema ved at klikke<strong><span style=\"color: #fe5d26;\"><a class=\"_ps2id\" style=\"color: #fe5d26;\" href=\"https:\/\/fgu.uddataplus.dk\/\" data-ps2id-offset=\"\"> her<\/a><\/span><\/strong><\/p>\n<\/div><\/section><\/div>\n\n<style type=\"text\/css\" data-created_by=\"avia_inline_auto\" id=\"style-css-av-2qklsd-ea8533152e8c175d79bf4590449ff6f8\">\n.flex_column.av-2qklsd-ea8533152e8c175d79bf4590449ff6f8{\nborder-radius:0px 0px 0px 0px;\npadding:0px 0px 0px 0px;\n}\n<\/style>\n<div  class='flex_column av-2qklsd-ea8533152e8c175d79bf4590449ff6f8 av_one_full  avia-builder-el-6  el_after_av_one_third  avia-builder-el-last  first flex_column_div av-zero-column-padding  column-top-margin'     ><section  class='av_textblock_section av-lt6x1kji-6ab8f14c3c8d6cbd54c740bd7c1141fd '   itemscope=\"itemscope\" itemtype=\"https:\/\/schema.org\/CreativeWork\" ><div class='avia_textblock'  itemprop=\"text\" ><h3>Eksempel p\u00e5 skema<\/h3>\n<\/div><\/section><br \/>\n\n<style type=\"text\/css\" data-created_by=\"avia_inline_auto\" id=\"style-css-av-kpz53z6i-8cebe7fe6f6bf8c650a78a06ab7fc38c\">\n.avia-image-container.av-kpz53z6i-8cebe7fe6f6bf8c650a78a06ab7fc38c img.avia_image{\nbox-shadow:none;\n}\n.avia-image-container.av-kpz53z6i-8cebe7fe6f6bf8c650a78a06ab7fc38c .av-image-caption-overlay-center{\ncolor:#ffffff;\n}\n<\/style>\n<div  class='avia-image-container av-kpz53z6i-8cebe7fe6f6bf8c650a78a06ab7fc38c av-styling- avia-align-center  avia-builder-el-8  el_after_av_textblock  avia-builder-el-last '   itemprop=\"image\" itemscope=\"itemscope\" itemtype=\"https:\/\/schema.org\/ImageObject\" ><div class=\"avia-image-container-inner\"><div class=\"avia-image-overlay-wrap\"><img decoding=\"async\" fetchpriority=\"high\" class='wp-image-4337 avia-img-lazy-loading-not-4337 avia_image ' src=\"https:\/\/fguhimmerland.dk\/wp-content\/uploads\/2021\/06\/skema.png\" alt='' title='skema'  height=\"656\" width=\"1681\"  itemprop=\"thumbnailUrl\" srcset=\"https:\/\/fguhimmerland.dk\/wp-content\/uploads\/2021\/06\/skema.png 1681w, https:\/\/fguhimmerland.dk\/wp-content\/uploads\/2021\/06\/skema-300x117.png 300w, https:\/\/fguhimmerland.dk\/wp-content\/uploads\/2021\/06\/skema-1030x402.png 1030w, https:\/\/fguhimmerland.dk\/wp-content\/uploads\/2021\/06\/skema-768x300.png 768w, https:\/\/fguhimmerland.dk\/wp-content\/uploads\/2021\/06\/skema-1536x599.png 1536w, https:\/\/fguhimmerland.dk\/wp-content\/uploads\/2021\/06\/skema-1500x585.png 1500w, https:\/\/fguhimmerland.dk\/wp-content\/uploads\/2021\/06\/skema-705x275.png 705w, https:\/\/fguhimmerland.dk\/wp-content\/uploads\/2021\/06\/skema-600x234.png 600w\" sizes=\"(max-width: 1681px) 100vw, 1681px\" \/><\/div><\/div><\/div><\/div>\n","protected":false},"excerpt":{"rendered":"SKEMA Styr p\u00e5 skemaet! Som elev p\u00e5 FGU Himmerland vil du f\u00e5 udleveret et skema, der viser, hvordan din uge ser ud. Dit skema vil som udgangspunkt udg\u00f8re 29 timer pr. uge inklusive pauser. Dit skema kan variere en smule afh\u00e6ngigt af, hvilken afdeling, hvilket spor eller fagligt tema du er tilknyttet. Ved optagelse p\u00e5 [...]","protected":false},"author":11,"featured_media":0,"parent":0,"menu_order":0,"comment_status":"closed","ping_status":"closed","template":"","meta":{"_monsterinsights_skip_tracking":false,"_monsterinsights_sitenote_active":false,"_monsterinsights_sitenote_note":"","_monsterinsights_sitenote_category":0,"footnotes":""},"class_list":["post-3725","page","type-page","status-publish","hentry"],"jetpack_sharing_enabled":true,"_links":{"self":[{"href":"https:\/\/fguhimmerland.dk\/index.php\/wp-json\/wp\/v2\/pages\/3725","targetHints":{"allow":["GET"]}}],"collection":[{"href":"https:\/\/fguhimmerland.dk\/index.php\/wp-json\/wp\/v2\/pages"}],"about":[{"href":"https:\/\/fguhimmerland.dk\/index.php\/wp-json\/wp\/v2\/types\/page"}],"author":[{"embeddable":true,"href":"https:\/\/fguhimmerland.dk\/index.php\/wp-json\/wp\/v2\/users\/11"}],"replies":[{"embeddable":true,"href":"https:\/\/fguhimmerland.dk\/index.php\/wp-json\/wp\/v2\/comments?post=3725"}],"version-history":[{"count":18,"href":"https:\/\/fguhimmerland.dk\/index.php\/wp-json\/wp\/v2\/pages\/3725\/revisions"}],"predecessor-version":[{"id":8334,"href":"https:\/\/fguhimmerland.dk\/index.php\/wp-json\/wp\/v2\/pages\/3725\/revisions\/8334"}],"wp:attachment":[{"href":"https:\/\/fguhimmerland.dk\/index.php\/wp-json\/wp\/v2\/media?parent=3725"}],"curies":[{"name":"wp","href":"https:\/\/api.w.org\/{rel}","templated":true}]}}