{"id":3150,"date":"2021-02-16T17:16:29","date_gmt":"2021-02-16T16:16:29","guid":{"rendered":"https:\/\/fguhimmerland.dk\/?page_id=3150"},"modified":"2024-11-08T11:21:52","modified_gmt":"2024-11-08T10:21:52","slug":"eksamen-og-proever","status":"publish","type":"page","link":"https:\/\/fguhimmerland.dk\/index.php\/eksamen-og-proever\/","title":{"rendered":"Eksamen og pr\u00f8ver"},"content":{"rendered":"\n<style type=\"text\/css\" data-created_by=\"avia_inline_auto\" id=\"style-css-av-lumgmyyd-0da122c2fcf6ff31ddc232ad5b955300\">\n.avia-section.av-lumgmyyd-0da122c2fcf6ff31ddc232ad5b955300{\nbackground-repeat:no-repeat;\nbackground-image:url(https:\/\/fguhimmerland.dk\/wp-content\/uploads\/2023\/09\/Skema.png);\nbackground-position:50% 50%;\nbackground-attachment:scroll;\n}\n<\/style>\n<div id='av_section_1'  class='avia-section av-lumgmyyd-0da122c2fcf6ff31ddc232ad5b955300 main_color avia-section-default avia-no-border-styling  avia-builder-el-0  el_before_av_two_third  avia-builder-el-first  avia-full-stretch avia-bg-style-scroll av-minimum-height av-minimum-height-50 av-height-50  container_wrap fullsize'  data-section-bg-repeat='stretch' data-av_minimum_height_pc='50' data-av_min_height_opt='50'><div class='container av-section-cont-open' ><main  role=\"main\" itemprop=\"mainContentOfPage\"  class='template-page content  av-content-full alpha units'><div class='post-entry post-entry-type-page post-entry-3150'><div class='entry-content-wrapper clearfix'>\n\n<style type=\"text\/css\" data-created_by=\"avia_inline_auto\" id=\"style-css-av-lumgn9kb-c39126d5926a3964f9204a4d329f7d03\">\n#top .av-special-heading.av-lumgn9kb-c39126d5926a3964f9204a4d329f7d03{\npadding-bottom:10px;\ncolor:#ffffff;\nfont-size:80px;\n}\nbody .av-special-heading.av-lumgn9kb-c39126d5926a3964f9204a4d329f7d03 .av-special-heading-tag .heading-char{\nfont-size:25px;\n}\n#top #wrap_all .av-special-heading.av-lumgn9kb-c39126d5926a3964f9204a4d329f7d03 .av-special-heading-tag{\nfont-size:80px;\n}\n.av-special-heading.av-lumgn9kb-c39126d5926a3964f9204a4d329f7d03 .special-heading-inner-border{\nborder-color:rgba(0,0,0,0.01);\n}\n.av-special-heading.av-lumgn9kb-c39126d5926a3964f9204a4d329f7d03 .av-subheading{\nfont-size:15px;\n}\nbody .av-special-heading.av-lumgn9kb-c39126d5926a3964f9204a4d329f7d03 .av-special-heading-tag .heading-wrap:before{\nborder-color:rgba(0,0,0,0.01);\n}\nbody .av-special-heading.av-lumgn9kb-c39126d5926a3964f9204a4d329f7d03 .av-special-heading-tag .heading-wrap:after{\nborder-color:rgba(0,0,0,0.01);\n}\n\n@media only screen and (min-width: 480px) and (max-width: 767px){ \n#top #wrap_all .av-special-heading.av-lumgn9kb-c39126d5926a3964f9204a4d329f7d03 .av-special-heading-tag{\nfont-size:0.8em;\n}\n}\n\n@media only screen and (max-width: 479px){ \n#top #wrap_all .av-special-heading.av-lumgn9kb-c39126d5926a3964f9204a4d329f7d03 .av-special-heading-tag{\nfont-size:0.8em;\n}\n}\n<\/style>\n<div  class='av-special-heading av-lumgn9kb-c39126d5926a3964f9204a4d329f7d03 av-special-heading-h1 custom-color-heading blockquote elegant-quote elegant-centered  avia-builder-el-1  avia-builder-el-no-sibling  av-inherit-size'><h1 class='av-special-heading-tag '  itemprop=\"headline\"  ><span class=\"heading-wrap\">EKSAMEN OG PR\u00d8VER<\/span><\/h1><div class=\"special-heading-border\"><div class=\"special-heading-inner-border\"><\/div><\/div><\/div>\n<\/div><\/div><\/main><!-- close content main element --><\/div><\/div><div id='after_section_1'  class='main_color av_default_container_wrap container_wrap fullsize'  ><div class='container av-section-cont-open' ><div class='template-page content  av-content-full alpha units'><div class='post-entry post-entry-type-page post-entry-3150'><div class='entry-content-wrapper clearfix'>\n\n<style type=\"text\/css\" data-created_by=\"avia_inline_auto\" id=\"style-css-av-4lba9a-642be690a5a63835251578311c8bc003\">\n.flex_column.av-4lba9a-642be690a5a63835251578311c8bc003{\nborder-radius:0px 0px 0px 0px;\npadding:0px 0px 0px 0px;\n}\n<\/style>\n<div  class='flex_column av-4lba9a-642be690a5a63835251578311c8bc003 av_two_third  avia-builder-el-2  el_after_av_section  el_before_av_one_third  avia-builder-el-first  first flex_column_div av-zero-column-padding  '     ><section  class='av_textblock_section av-kpwbglp5-2d2156bdb0f26387ab3ad84472479619 '   itemscope=\"itemscope\" itemtype=\"https:\/\/schema.org\/CreativeWork\" ><div class='avia_textblock'  itemprop=\"text\" ><h1><strong>Eksamen og pr\u00f8ver<\/strong><\/h1>\n<p>Hos FGU Himmerland g\u00e6lder forskellige regler i forbindelse med eksaminer og pr\u00f8ver, og det kan v\u00e6re en fordel, hvis du s\u00e6tter dig ind i disse f\u00f8r eller i forbindelse med skolestart.<\/p>\n<p><strong><em>Bem\u00e6rk<\/em><\/strong> at du ikke n\u00f8dvendigvis skal til en eksamen eller pr\u00f8ve i l\u00f8bet af din tid p\u00e5 FGU Himmerland, men at dette afh\u00e6nger af din uddannelsesplan og dit niveau. Hvis du er i tvivl om pr\u00f8ver og eksaminer, kan du sp\u00f8rge din kontaktl\u00e6rer eller vejleder.<\/p>\n<p>Nedenfor kan du l\u00e6se mere om de forskellige eksamens- og pr\u00f8veformer, der praktiseres p\u00e5 FGU Himmerland.<\/p>\n<p><a href=\"https:\/\/fguhimmerland.dk\/wp-content\/uploads\/2024\/10\/Bedoemmelsesplan-Faglige-temaer-oktober-2024.pdf\">Bed\u00f8mmelsesplan &#8211; Praktiske fag<\/a><\/p>\n<p><a href=\"https:\/\/fguhimmerland.dk\/wp-content\/uploads\/2024\/10\/Bedoemmelsesplan-Almene-fag-oktober-2024.pdf\">Bed\u00f8mmelsesplan &#8211; Almene fag<\/a><\/p>\n<p><a href=\"https:\/\/fguhimmerland.dk\/wp-content\/uploads\/2024\/10\/Proeve-og-eksamen-information_FGU_Himmerland-oktober-2024.pdf\">Pr\u00f8ver og eksamen information<\/a><\/p>\n<\/div><\/section><\/div>\n<style type=\"text\/css\" data-created_by=\"avia_inline_auto\" id=\"style-css-av-2paie6-2da39f4b427c4257177421a74f59876e\">\n.flex_column.av-2paie6-2da39f4b427c4257177421a74f59876e{\nborder-width:15px;\nborder-color:#f4f3f4;\nborder-style:solid;\npadding:15px 15px 15px 15px;\nbackground-color:#f4f3f4;\n}\n<\/style>\n<div  class='flex_column av-2paie6-2da39f4b427c4257177421a74f59876e av_one_third  avia-builder-el-4  el_after_av_two_third  avia-builder-el-last  flex_column_div  '     ><section  class='av_textblock_section av-kt2mw18y-9143e40180aef80e81986e75189d9cfd '   itemscope=\"itemscope\" itemtype=\"https:\/\/schema.org\/CreativeWork\" ><div class='avia_textblock'  itemprop=\"text\" ><h4><span style=\"color: #000000;\">L\u00c6S MERE<\/span><\/h4>\n<p><strong><span style=\"color: #6786a1;\">Bes\u00f8g Undervisningsministeriets hjemmeside:<\/span><\/strong><\/p>\n<ul>\n<li><a href=\"https:\/\/www.uvm.dk\/forberedende-grunduddannelse\/proever-og-eksamen\">UVM &#8211; Pr\u00f8ver og eksamen<\/a><\/li>\n<li><a href=\"https:\/\/www.uvm.dk\/forberedende-grunduddannelse\/proever-og-eksamen\/proeveformer\">UVM &#8211; Video om pr\u00f8ver og eksamen<\/a><\/li>\n<\/ul>\n<\/div><\/section><\/div>\n","protected":false},"excerpt":{"rendered":"EKSAMEN OG PR\u00d8VER Eksamen og pr\u00f8ver Hos FGU Himmerland g\u00e6lder forskellige regler i forbindelse med eksaminer og pr\u00f8ver, og det kan v\u00e6re en fordel, hvis du s\u00e6tter dig ind i disse f\u00f8r eller i forbindelse med skolestart. Bem\u00e6rk at du ikke n\u00f8dvendigvis skal til en eksamen eller pr\u00f8ve i l\u00f8bet af din tid p\u00e5 FGU [...]","protected":false},"author":1,"featured_media":0,"parent":0,"menu_order":0,"comment_status":"closed","ping_status":"closed","template":"","meta":{"_monsterinsights_skip_tracking":false,"_monsterinsights_sitenote_active":false,"_monsterinsights_sitenote_note":"","_monsterinsights_sitenote_category":0,"footnotes":""},"class_list":["post-3150","page","type-page","status-publish","hentry"],"jetpack_sharing_enabled":true,"_links":{"self":[{"href":"https:\/\/fguhimmerland.dk\/index.php\/wp-json\/wp\/v2\/pages\/3150","targetHints":{"allow":["GET"]}}],"collection":[{"href":"https:\/\/fguhimmerland.dk\/index.php\/wp-json\/wp\/v2\/pages"}],"about":[{"href":"https:\/\/fguhimmerland.dk\/index.php\/wp-json\/wp\/v2\/types\/page"}],"author":[{"embeddable":true,"href":"https:\/\/fguhimmerland.dk\/index.php\/wp-json\/wp\/v2\/users\/1"}],"replies":[{"embeddable":true,"href":"https:\/\/fguhimmerland.dk\/index.php\/wp-json\/wp\/v2\/comments?post=3150"}],"version-history":[{"count":20,"href":"https:\/\/fguhimmerland.dk\/index.php\/wp-json\/wp\/v2\/pages\/3150\/revisions"}],"predecessor-version":[{"id":8104,"href":"https:\/\/fguhimmerland.dk\/index.php\/wp-json\/wp\/v2\/pages\/3150\/revisions\/8104"}],"wp:attachment":[{"href":"https:\/\/fguhimmerland.dk\/index.php\/wp-json\/wp\/v2\/media?parent=3150"}],"curies":[{"name":"wp","href":"https:\/\/api.w.org\/{rel}","templated":true}]}}