{"id":3070,"date":"2021-02-11T09:36:55","date_gmt":"2021-02-11T08:36:55","guid":{"rendered":"https:\/\/fguhimmerland.dk\/?page_id=3070"},"modified":"2021-02-17T12:44:41","modified_gmt":"2021-02-17T11:44:41","slug":"jordbrug-skovbrug-og-fiskeri-aars","status":"publish","type":"page","link":"https:\/\/fguhimmerland.dk\/index.php\/jordbrug-skovbrug-og-fiskeri-aars\/","title":{"rendered":"Jordbrug, skovbrug og fiskeri Aars"},"content":{"rendered":"[vc_row][vc_column][vc_column_text]\n<h3 style=\"text-align: center;\">Jordbrug, skovbrug og fiskeri<\/h3>\n[\/vc_column_text][vc_empty_space height=&#8221;100&#8243;][\/vc_column][\/vc_row][vc_row][vc_column width=&#8221;1\/2&#8243;][vc_single_image image=&#8221;3156&#8243; img_size=&#8221;large&#8221; style=&#8221;vc_box_shadow_3d&#8221;][\/vc_column][vc_column width=&#8221;1\/2&#8243;][vc_column_text]\n<p style=\"text-align: left;\">Til lands, til vands og med h\u00e6nderne i luften! Hvis du har lyst til en aktiv skoledag med alt fra landbrugsmaskiner til dyr, planter p\u00e5 skemaet, s\u00e5 kunne jordbrug, skovbrug og fiskeri p\u00e5 FGU Himmerland i Aars m\u00e5ske v\u00e6re noget for dig.<\/p>\n<p style=\"text-align: left;\">P\u00e5 jordbrug, skovbrug og fiskeri s\u00f8rger vi for meningsfyldt undervisning \u2013 b\u00e5de praktisk og alment, hvor du bl.a. vil f\u00e5 mulighed for at arbejde med f\u00f8lgende:<\/p>\n<ul>\n<li style=\"text-align: left;\">Landbrug<\/li>\n<li style=\"text-align: left;\">Gartneri<\/li>\n<li style=\"text-align: left;\">Skovarbejde<\/li>\n<li style=\"text-align: left;\">V\u00e6rkt\u00f8jsl\u00e6re<\/li>\n<li style=\"text-align: left;\">Erhvervsl\u00e6re<\/li>\n<li style=\"text-align: left;\">Forfaldende arbejde p\u00e5 vores skole i Aars<\/li>\n<\/ul>\n<p>&nbsp;<\/p>\n<p>Desuden har vi en lang r\u00e6kke samarbejdsaftaler med lokale firmaer og virksomheder, herunder landm\u00e6nd, der giver os mulighed for at tilbyde dig reel erhvervserfaring, s\u00e5 du eventuelt kan blive rustet til en fremtid inden for de relaterede fag \u2013 b\u00e5de ift. uddannelse og job.[\/vc_column_text][vc_empty_space height=&#8221;85&#8243;][vc_single_image image=&#8221;3157&#8243; img_size=&#8221;large&#8221; style=&#8221;vc_box_shadow_3d&#8221;][\/vc_column][\/vc_row]\n","protected":false},"excerpt":{"rendered":"<p>[vc_row][vc_column][vc_column_text] Jordbrug, skovbrug og fiskeri [\/vc_column_text][vc_empty_space height=&#8221;100&#8243;][\/vc_column][\/vc_row][vc_row][vc_column width=&#8221;1\/2&#8243;][vc_single_image image=&#8221;3156&#8243; img_size=&#8221;large&#8221; style=&#8221;vc_box_shadow_3d&#8221;][\/vc_column][vc_column width=&#8221;1\/2&#8243;][vc_column_text] Til lands, til vands og med h\u00e6nderne i luften! Hvis du har lyst til en aktiv skoledag med alt fra landbrugsmaskiner til dyr, planter p\u00e5 skemaet, s\u00e5 kunne jordbrug, skovbrug og fiskeri p\u00e5 FGU Himmerland i Aars m\u00e5ske v\u00e6re noget for dig. P\u00e5 [&hellip;]<\/p>\n","protected":false},"author":9,"featured_media":0,"parent":0,"menu_order":0,"comment_status":"closed","ping_status":"closed","template":"","meta":{"_monsterinsights_skip_tracking":false,"_monsterinsights_sitenote_active":false,"_monsterinsights_sitenote_note":"","_monsterinsights_sitenote_category":0,"footnotes":""},"class_list":["post-3070","page","type-page","status-publish","hentry"],"jetpack_sharing_enabled":true,"_links":{"self":[{"href":"https:\/\/fguhimmerland.dk\/index.php\/wp-json\/wp\/v2\/pages\/3070","targetHints":{"allow":["GET"]}}],"collection":[{"href":"https:\/\/fguhimmerland.dk\/index.php\/wp-json\/wp\/v2\/pages"}],"about":[{"href":"https:\/\/fguhimmerland.dk\/index.php\/wp-json\/wp\/v2\/types\/page"}],"author":[{"embeddable":true,"href":"https:\/\/fguhimmerland.dk\/index.php\/wp-json\/wp\/v2\/users\/9"}],"replies":[{"embeddable":true,"href":"https:\/\/fguhimmerland.dk\/index.php\/wp-json\/wp\/v2\/comments?post=3070"}],"version-history":[{"count":5,"href":"https:\/\/fguhimmerland.dk\/index.php\/wp-json\/wp\/v2\/pages\/3070\/revisions"}],"predecessor-version":[{"id":5351,"href":"https:\/\/fguhimmerland.dk\/index.php\/wp-json\/wp\/v2\/pages\/3070\/revisions\/5351"}],"wp:attachment":[{"href":"https:\/\/fguhimmerland.dk\/index.php\/wp-json\/wp\/v2\/media?parent=3070"}],"curies":[{"name":"wp","href":"https:\/\/api.w.org\/{rel}","templated":true}]}}