{"id":293,"date":"2020-06-04T07:19:10","date_gmt":"2020-06-04T07:19:10","guid":{"rendered":"http:\/\/www.altfguhimmerland.dk\/?page_id=293"},"modified":"2023-08-30T08:12:38","modified_gmt":"2023-08-30T06:12:38","slug":"mad-og-ernaering","status":"publish","type":"page","link":"https:\/\/fguhimmerland.dk\/index.php\/mad-og-ernaering\/","title":{"rendered":"Mad og ern\u00e6ring"},"content":{"rendered":"[vc_row][vc_column][vc_empty_space height=&#8221;50&#8243;][\/vc_column][\/vc_row][vc_row][vc_column width=&#8221;1\/2&#8243;][vc_single_image image=&#8221;2182&#8243; img_size=&#8221;large&#8221; style=&#8221;vc_box_shadow_3d&#8221;][\/vc_column][vc_column width=&#8221;1\/2&#8243;][vc_column_text]\r\n<p><strong>P\u00e5 k\u00f8kken\/kantinelinjen samarbejder vi i en intens og hum\u00f8rfyldt atmosf\u00e6re, hvor tillid og respekt for den enkelte har h\u00f8j prioritet.<\/strong><\/p>\r\n<p><!-- \/wp:post-content -->\u00a0<\/p>\r\n<!-- wp:image {\"id\":1062,\"sizeSlug\":\"large\"} -->\r\n<figure class=\"wp-block-image size-large\"><\/figure>\r\n<!-- \/wp:image -->\r\n<p><!-- wp:paragraph --><strong><span class=\"has-inline-color has-very-dark-gray-color\">Arbejdsopgaver:<\/span><br \/><\/strong>K\u00f8kkenets elever og l\u00e6rere har ansvaret for bespisning og servicering af skolens elever, medarbejdere, g\u00e6ster og kursister samt arrangementer p\u00e5 skolen.<\/p>\r\n<p><span class=\"has-inline-color has-very-dark-gray-color\">Der l\u00e6gges stor v\u00e6gt p\u00e5:<\/span><br \/>\u2022 At maden fremstilles p\u00e5 basis af friske r\u00e5varer og hjemmelavede produkter.<br \/>\u2022 At maden er sund og kulinarisk.<br \/>\u2022 At fremstillingen er \u00f8konomisk<br \/>\u2022 At der overholdes fastsatte tidsfrister.<br \/>\u2022 Menu sammens\u00e6tning.<br \/>\u2022 Orden og hygiejne.<br \/>\u2022 Service og kvalitet.<br \/>\u2022 Sikkerhed og arbejdsmilj\u00f8.<\/p>\r\n[\/vc_column_text][\/vc_column][\/vc_row][vc_row][vc_column][vc_empty_space height=&#8221;50&#8243;][\/vc_column][\/vc_row][vc_row][vc_column width=&#8221;1\/2&#8243;][vc_single_image image=&#8221;2185&#8243; img_size=&#8221;large&#8221; style=&#8221;vc_box_shadow_3d&#8221;][\/vc_column][vc_column width=&#8221;1\/2&#8243;][vc_column_text]<!-- wp:gallery {\"ids\":[576,578]} --><\/p>\r\n<figure class=\"wp-block-gallery columns-2 is-cropped\">\r\n<figure><\/figure>\r\n<\/figure>\r\n<p><!-- \/wp:gallery -->\u00a0<\/p>\r\n<p><!-- wp:quote \/-->\u00a0<\/p>\r\n<!-- wp:image {\"id\":1064,\"sizeSlug\":\"large\"} -->\r\n<figure class=\"wp-block-image size-large\"><\/figure>\r\n<p><!-- \/wp:image -->\r\n\r\n<!-- wp:paragraph --><strong><span class=\"has-inline-color has-very-dark-gray-color\">F\u00e6rdigheder; Eleverne opn\u00e5r erfaringer og viden inden for f\u00f8lgende omr\u00e5der:<\/span><br \/><\/strong>\u2022 Fremstilling af varme og lune retter.<br \/>\u2022 Fremstilling af sm\u00f8rrebr\u00f8d.<br \/>\u2022 Bagning af br\u00f8d, boller og kager.<br \/>\u2022 Anretning og afrydning.<br \/>\u2022 Opd\u00e6kning og afrydning til m\u00f8der og arrangementer.<br \/>\u2022 Reng\u00f8ring og opvask.<\/p>\r\n<p><!-- \/wp:paragraph -->[\/vc_column_text][\/vc_column][\/vc_row][vc_row][vc_column][vc_video link=&#8221;https:\/\/youtu.be\/jxJkSs-VsqI&#8221; align=&#8221;center&#8221;][\/vc_column][\/vc_row]","protected":false},"excerpt":{"rendered":"<p>[vc_row][vc_column][vc_empty_space height=&#8221;50&#8243;][\/vc_column][\/vc_row][vc_row][vc_column width=&#8221;1\/2&#8243;][vc_single_image image=&#8221;2182&#8243; img_size=&#8221;large&#8221; style=&#8221;vc_box_shadow_3d&#8221;][\/vc_column][vc_column width=&#8221;1\/2&#8243;][vc_column_text] P\u00e5 k\u00f8kken\/kantinelinjen samarbejder vi i en intens og hum\u00f8rfyldt atmosf\u00e6re, hvor tillid og respekt for den enkelte har h\u00f8j prioritet. \u00a0 Arbejdsopgaver:K\u00f8kkenets elever og l\u00e6rere har ansvaret for bespisning og servicering af skolens elever, medarbejdere, g\u00e6ster og kursister samt arrangementer p\u00e5 skolen. Der l\u00e6gges stor v\u00e6gt p\u00e5:\u2022 At [&hellip;]<\/p>\n","protected":false},"author":1,"featured_media":0,"parent":0,"menu_order":0,"comment_status":"closed","ping_status":"closed","template":"","meta":{"_monsterinsights_skip_tracking":false,"_monsterinsights_sitenote_active":false,"_monsterinsights_sitenote_note":"","_monsterinsights_sitenote_category":0,"footnotes":""},"class_list":["post-293","page","type-page","status-publish","hentry"],"jetpack_sharing_enabled":true,"_links":{"self":[{"href":"https:\/\/fguhimmerland.dk\/index.php\/wp-json\/wp\/v2\/pages\/293","targetHints":{"allow":["GET"]}}],"collection":[{"href":"https:\/\/fguhimmerland.dk\/index.php\/wp-json\/wp\/v2\/pages"}],"about":[{"href":"https:\/\/fguhimmerland.dk\/index.php\/wp-json\/wp\/v2\/types\/page"}],"author":[{"embeddable":true,"href":"https:\/\/fguhimmerland.dk\/index.php\/wp-json\/wp\/v2\/users\/1"}],"replies":[{"embeddable":true,"href":"https:\/\/fguhimmerland.dk\/index.php\/wp-json\/wp\/v2\/comments?post=293"}],"version-history":[{"count":15,"href":"https:\/\/fguhimmerland.dk\/index.php\/wp-json\/wp\/v2\/pages\/293\/revisions"}],"predecessor-version":[{"id":6870,"href":"https:\/\/fguhimmerland.dk\/index.php\/wp-json\/wp\/v2\/pages\/293\/revisions\/6870"}],"wp:attachment":[{"href":"https:\/\/fguhimmerland.dk\/index.php\/wp-json\/wp\/v2\/media?parent=293"}],"curies":[{"name":"wp","href":"https:\/\/api.w.org\/{rel}","templated":true}]}}