{"id":176,"date":"2020-05-26T07:38:11","date_gmt":"2020-05-26T07:38:11","guid":{"rendered":"http:\/\/www.altfguhimmerland.dk\/?page_id=176"},"modified":"2021-01-28T10:23:17","modified_gmt":"2021-01-28T09:23:17","slug":"kunst-miljoe-genbrug","status":"publish","type":"page","link":"https:\/\/fguhimmerland.dk\/index.php\/kunst-miljoe-genbrug\/","title":{"rendered":"Milj\u00f8 og Genbrug"},"content":{"rendered":"[vc_row][vc_column][vc_empty_space height=&#8221;40&#8243;][\/vc_column][\/vc_row][vc_row][vc_column width=&#8221;1\/2&#8243;][vc_single_image image=&#8221;1066&#8243; img_size=&#8221;full&#8221;][\/vc_column][vc_column width=&#8221;1\/2&#8243;][vc_single_image image=&#8221;1065&#8243; img_size=&#8221;full&#8221;][\/vc_column][\/vc_row][vc_row][vc_column][vc_empty_space height=&#8221;100&#8243;][\/vc_column][\/vc_row][vc_row][vc_column width=&#8221;1\/2&#8243;][vc_column_text]\r\n<h3>Milj\u00f8 og genbrug:<\/h3>\r\n\r\n<p>Er du kreativ, og har du lyst til at arbejde med dine h\u00e6nder og oms\u00e6tte dine id\u00e9er til f\u00e6rdige produkter, s\u00e5 er milj\u00f8 &amp; genbrug sikkert noget for dig.<\/p>\r\n<p>P\u00e5 linjen Milj\u00f8 &amp; Genbrug arbejder du med h\u00e5ndv\u00e6rk, design og genbrug. Du er med i de kreative opgaver hele vejen fra ideudvikling over planl\u00e6gning til produktioner med deadlines og fremvisning\/salg. Der er fokus p\u00e5 b\u00e6redygtighed, redesign og genbrug indenfor m\u00f8bler, t\u00f8j, udsmykning m.m.<\/p>\r\n<p>Vi udf\u00f8rer kreative projekter i samarbejde med kunder og det lokale erhvervsliv.<\/p>\r\n<p>Du bliver en del af en f\u00e6lles produktionsenhed, hvor I arbejder individuelt og i grupper, og hvor du afh\u00e6ngig af opgavens art tr\u00e6ner samarbejde, selvst\u00e6ndighed og f\u00e6lles ansvarlighed.<\/p>\r\n<p>Undervisningen er opdelt i moduler med fokus p\u00e5 processer og produkter, hovedsageligt indenfor genanvendelse materialer. Her kan du fx. l\u00e6re at sy, arbejde med forskellige produktioner eller forberede dig til en af bekl\u00e6dnings- eller designuddannelserne. Der er s\u00e6rligt fokus p\u00e5 b\u00e6redygtighed og p\u00e5 at forst\u00e5, hvordan det at udnytte genbrugsmaterialer gavner milj\u00f8 og klima p\u00e5 et globalt plan.<\/p>\r\n<p>Dansk, matematik og PASE (privat\u00f8konomi, arbejdspladsl\u00e6re, samarbejdsl\u00e6re og erhvervsl\u00e6re) er en del af undervisningen. Vi tager udgangspunkt i, hvor du er lige nu, og hvad du skal bruge for at komme videre i ungdomsuddannelse eller job, og s\u00e5 laver vi en plan sammen med dig.<\/p>\r\n[\/vc_column_text][\/vc_column][vc_column width=&#8221;1\/2&#8243;][vc_column_text]\r\n<p>&nbsp;<\/p>\r\n<p>&nbsp;<\/p>\r\n<p><strong>Der er s\u00e6rlig v\u00e6gt p\u00e5 f\u00f8lgende emner:<\/strong><br \/>\u2022 Tr\u00e6ning i at indg\u00e5 i en produktion<br \/>\u2022 Arbejde med at g\u00e5 fra ide til f\u00e6rdigt produkt<br \/>\u2022 L\u00e6re at sy, opm\u00e5le, tilsk\u00e6re og lave m\u00f8nstre til syning<br \/>\u2022 Forst\u00e5else af b\u00e6redygtighed og sammenh\u00e6ng med produktion<br \/>\u2022 Forst\u00e5else af sammenh\u00e6ng mellem funktion, design og kunstnerisk inspiration.<\/p>\r\n[\/vc_column_text][\/vc_column][\/vc_row]<!-- \/wp:post-content -->","protected":false},"excerpt":{"rendered":"<p>[vc_row][vc_column][vc_empty_space height=&#8221;40&#8243;][\/vc_column][\/vc_row][vc_row][vc_column width=&#8221;1\/2&#8243;][vc_single_image image=&#8221;1066&#8243; img_size=&#8221;full&#8221;][\/vc_column][vc_column width=&#8221;1\/2&#8243;][vc_single_image image=&#8221;1065&#8243; img_size=&#8221;full&#8221;][\/vc_column][\/vc_row][vc_row][vc_column][vc_empty_space height=&#8221;100&#8243;][\/vc_column][\/vc_row][vc_row][vc_column width=&#8221;1\/2&#8243;][vc_column_text] Milj\u00f8 og genbrug: Er du kreativ, og har du lyst til at arbejde med dine h\u00e6nder og oms\u00e6tte dine id\u00e9er til f\u00e6rdige produkter, s\u00e5 er milj\u00f8 &amp; genbrug sikkert noget for dig. P\u00e5 linjen Milj\u00f8 &amp; Genbrug arbejder du med h\u00e5ndv\u00e6rk, design og genbrug. Du [&hellip;]<\/p>\n","protected":false},"author":1,"featured_media":0,"parent":0,"menu_order":0,"comment_status":"closed","ping_status":"closed","template":"","meta":{"_monsterinsights_skip_tracking":false,"_monsterinsights_sitenote_active":false,"_monsterinsights_sitenote_note":"","_monsterinsights_sitenote_category":0,"footnotes":""},"class_list":["post-176","page","type-page","status-publish","hentry"],"jetpack_sharing_enabled":true,"_links":{"self":[{"href":"https:\/\/fguhimmerland.dk\/index.php\/wp-json\/wp\/v2\/pages\/176","targetHints":{"allow":["GET"]}}],"collection":[{"href":"https:\/\/fguhimmerland.dk\/index.php\/wp-json\/wp\/v2\/pages"}],"about":[{"href":"https:\/\/fguhimmerland.dk\/index.php\/wp-json\/wp\/v2\/types\/page"}],"author":[{"embeddable":true,"href":"https:\/\/fguhimmerland.dk\/index.php\/wp-json\/wp\/v2\/users\/1"}],"replies":[{"embeddable":true,"href":"https:\/\/fguhimmerland.dk\/index.php\/wp-json\/wp\/v2\/comments?post=176"}],"version-history":[{"count":18,"href":"https:\/\/fguhimmerland.dk\/index.php\/wp-json\/wp\/v2\/pages\/176\/revisions"}],"predecessor-version":[{"id":7125,"href":"https:\/\/fguhimmerland.dk\/index.php\/wp-json\/wp\/v2\/pages\/176\/revisions\/7125"}],"wp:attachment":[{"href":"https:\/\/fguhimmerland.dk\/index.php\/wp-json\/wp\/v2\/media?parent=176"}],"curies":[{"name":"wp","href":"https:\/\/api.w.org\/{rel}","templated":true}]}}